{"id":802,"date":"2020-02-05T22:19:45","date_gmt":"2020-02-05T22:19:45","guid":{"rendered":"https:\/\/store.imagedigital10g.com\/index.php\/about\/"},"modified":"2025-07-24T23:47:00","modified_gmt":"2025-07-24T23:47:00","slug":"about","status":"publish","type":"page","link":"https:\/\/store.imagedigital10g.com\/index.php\/about\/","title":{"rendered":"About"},"content":{"rendered":"\t\t<div data-elementor-type=\"wp-page\" data-elementor-id=\"802\" class=\"elementor elementor-802\">\n\t\t\t\t\t\t\t\t\t<section class=\"elementor-section elementor-top-section elementor-element elementor-element-fb0497d elementor-section-height-min-height elementor-section-boxed elementor-section-height-default elementor-section-items-middle\" data-id=\"fb0497d\" data-element_type=\"section\" data-settings=\"{&quot;background_background&quot;:&quot;classic&quot;}\">\n\t\t\t\t\t\t\t<div class=\"elementor-background-overlay\"><\/div>\n\t\t\t\t\t\t\t<div class=\"elementor-container elementor-column-gap-no\">\n\t\t\t\t\t<div class=\"elementor-column elementor-col-100 elementor-top-column elementor-element elementor-element-325f11c\" data-id=\"325f11c\" data-element_type=\"column\">\n\t\t\t<div class=\"elementor-widget-wrap elementor-element-populated\">\n\t\t\t\t\t\t\t\t<div class=\"elementor-element elementor-element-25b39bd elementor-widget elementor-widget-heading\" data-id=\"25b39bd\" data-element_type=\"widget\" data-widget_type=\"heading.default\">\n\t\t\t\t<div class=\"elementor-widget-container\">\n\t\t\t<style>\/*! elementor - v3.7.4 - 31-08-2022 *\/\n.elementor-heading-title{padding:0;margin:0;line-height:1}.elementor-widget-heading .elementor-heading-title[class*=elementor-size-]>a{color:inherit;font-size:inherit;line-height:inherit}.elementor-widget-heading .elementor-heading-title.elementor-size-small{font-size:15px}.elementor-widget-heading .elementor-heading-title.elementor-size-medium{font-size:19px}.elementor-widget-heading .elementor-heading-title.elementor-size-large{font-size:29px}.elementor-widget-heading .elementor-heading-title.elementor-size-xl{font-size:39px}.elementor-widget-heading .elementor-heading-title.elementor-size-xxl{font-size:59px}<\/style><h1 class=\"elementor-heading-title elementor-size-default\">360-DEGREE FUN<\/h1>\t\t<\/div>\n\t\t\t\t<\/div>\n\t\t\t\t\t<\/div>\n\t\t<\/div>\n\t\t\t\t\t\t\t<\/div>\n\t\t<\/section>\n\t\t\t\t<section class=\"elementor-section elementor-top-section elementor-element elementor-element-6233d5b elementor-section-boxed elementor-section-height-default elementor-section-height-default\" data-id=\"6233d5b\" data-element_type=\"section\" data-settings=\"{&quot;background_background&quot;:&quot;classic&quot;}\">\n\t\t\t\t\t\t\t<div class=\"elementor-background-overlay\"><\/div>\n\t\t\t\t\t\t\t<div class=\"elementor-container elementor-column-gap-no\">\n\t\t\t\t\t<div class=\"elementor-column elementor-col-50 elementor-top-column elementor-element elementor-element-03a6bc5\" data-id=\"03a6bc5\" data-element_type=\"column\">\n\t\t\t<div class=\"elementor-widget-wrap elementor-element-populated\">\n\t\t\t\t\t\t\t\t<div class=\"elementor-element elementor-element-02ae585 elementor-widget elementor-widget-image\" data-id=\"02ae585\" data-element_type=\"widget\" data-widget_type=\"image.default\">\n\t\t\t\t<div class=\"elementor-widget-container\">\n\t\t\t<style>\/*! elementor - v3.7.4 - 31-08-2022 *\/\n.elementor-widget-image{text-align:center}.elementor-widget-image a{display:inline-block}.elementor-widget-image a img[src$=\".svg\"]{width:48px}.elementor-widget-image img{vertical-align:middle;display:inline-block}<\/style>\t\t\t\t\t\t\t\t\t\t\t\t<img width=\"1080\" height=\"2400\" src=\"https:\/\/store.imagedigital10g.com\/wp-content\/uploads\/2025\/07\/Logo-10G360.jpg\" class=\"attachment-full size-full\" alt=\"\" loading=\"lazy\" srcset=\"https:\/\/store.imagedigital10g.com\/wp-content\/uploads\/2025\/07\/Logo-10G360.jpg 1080w, https:\/\/store.imagedigital10g.com\/wp-content\/uploads\/2025\/07\/Logo-10G360-135x300.jpg 135w, https:\/\/store.imagedigital10g.com\/wp-content\/uploads\/2025\/07\/Logo-10G360-461x1024.jpg 461w, https:\/\/store.imagedigital10g.com\/wp-content\/uploads\/2025\/07\/Logo-10G360-768x1707.jpg 768w, https:\/\/store.imagedigital10g.com\/wp-content\/uploads\/2025\/07\/Logo-10G360-691x1536.jpg 691w, https:\/\/store.imagedigital10g.com\/wp-content\/uploads\/2025\/07\/Logo-10G360-922x2048.jpg 922w, https:\/\/store.imagedigital10g.com\/wp-content\/uploads\/2025\/07\/Logo-10G360-600x1333.jpg 600w\" sizes=\"(max-width: 1080px) 100vw, 1080px\" \/>\t\t\t\t\t\t\t\t\t\t\t\t\t\t\t<\/div>\n\t\t\t\t<\/div>\n\t\t\t\t\t<\/div>\n\t\t<\/div>\n\t\t\t\t<div class=\"elementor-column elementor-col-50 elementor-top-column elementor-element elementor-element-4d7ad86\" data-id=\"4d7ad86\" data-element_type=\"column\">\n\t\t\t<div class=\"elementor-widget-wrap elementor-element-populated\">\n\t\t\t\t\t\t\t\t<div class=\"elementor-element elementor-element-24b4e03 elementor-widget elementor-widget-heading\" data-id=\"24b4e03\" data-element_type=\"widget\" data-widget_type=\"heading.default\">\n\t\t\t\t<div class=\"elementor-widget-container\">\n\t\t\t<h5 class=\"elementor-heading-title elementor-size-default\">ACERCA DE NOSOTROS<\/h5>\t\t<\/div>\n\t\t\t\t<\/div>\n\t\t\t\t<div class=\"elementor-element elementor-element-7ef155e elementor-position-top elementor-vertical-align-top elementor-widget elementor-widget-image-box\" data-id=\"7ef155e\" data-element_type=\"widget\" data-widget_type=\"image-box.default\">\n\t\t\t\t<div class=\"elementor-widget-container\">\n\t\t\t<style>\/*! elementor - v3.7.4 - 31-08-2022 *\/\n.elementor-widget-image-box .elementor-image-box-content{width:100%}@media (min-width:768px){.elementor-widget-image-box.elementor-position-left .elementor-image-box-wrapper,.elementor-widget-image-box.elementor-position-right .elementor-image-box-wrapper{display:-webkit-box;display:-ms-flexbox;display:flex}.elementor-widget-image-box.elementor-position-right .elementor-image-box-wrapper{text-align:right;-webkit-box-orient:horizontal;-webkit-box-direction:reverse;-ms-flex-direction:row-reverse;flex-direction:row-reverse}.elementor-widget-image-box.elementor-position-left .elementor-image-box-wrapper{text-align:left;-webkit-box-orient:horizontal;-webkit-box-direction:normal;-ms-flex-direction:row;flex-direction:row}.elementor-widget-image-box.elementor-position-top .elementor-image-box-img{margin:auto}.elementor-widget-image-box.elementor-vertical-align-top .elementor-image-box-wrapper{-webkit-box-align:start;-ms-flex-align:start;align-items:flex-start}.elementor-widget-image-box.elementor-vertical-align-middle .elementor-image-box-wrapper{-webkit-box-align:center;-ms-flex-align:center;align-items:center}.elementor-widget-image-box.elementor-vertical-align-bottom .elementor-image-box-wrapper{-webkit-box-align:end;-ms-flex-align:end;align-items:flex-end}}@media (max-width:767px){.elementor-widget-image-box .elementor-image-box-img{margin-left:auto!important;margin-right:auto!important;margin-bottom:15px}}.elementor-widget-image-box .elementor-image-box-img{display:inline-block}.elementor-widget-image-box .elementor-image-box-title a{color:inherit}.elementor-widget-image-box .elementor-image-box-wrapper{text-align:center}.elementor-widget-image-box .elementor-image-box-description{margin:0}<\/style><div class=\"elementor-image-box-wrapper\"><div class=\"elementor-image-box-content\"><h3 class=\"elementor-image-box-title\">SERVICIOS Y EXPERIENCIA<\/h3><p class=\"elementor-image-box-description\">Bienvenidos a [Video Booth 360-10G] \u2013 Donde Cada Evento se Convierte en una Experiencia Inolvidable\nSomos una empresa con amplia experiencia en la renta de Photo Booths tradicionales y Video Booths 360, especializada en capturar los momentos m\u00e1s divertidos y memorables de tus eventos. <BR> <BR>\n\nUbicados en el coraz\u00f3n de la bah\u00eda de Monterey, ofrecemos un servicio profesional, puntual y totalmente personalizado para bodas, quincea\u00f1eras, cumplea\u00f1os, eventos empresariales, graduaciones y celebraciones especiales.\n\nCon nosotros, no solo est\u00e1s alquilando un equipo\u2026 est\u00e1s creando una experiencia interactiva que tus invitados nunca olvidar\u00e1n. <BR><BR><BR>\n\n\n Nuestros Photo Booths cuentan con fondos personalizados, accesorios divertidos, impresi\u00f3n al instante y env\u00edo digital. Y con nuestros modernos Video Booths 360, tus invitados podr\u00e1n grabar videos espectaculares en c\u00e1mara lenta con efectos de calidad cinematogr\u00e1fica, perfectos para redes sociales.  <BR>  <BR>\n\n\u2705 Equipos de \u00faltima generaci\u00f3n <BR>\n\u2705 Asistencia en todo momento  <BR>\n\u2705 Montaje profesional y dise\u00f1o elegante  <BR>\n\u2705 Env\u00edo de videos y fotos al instante  <BR>\n\u2705 Experiencia garantizada <BR><BR>\n \n\n<STRONG>\u00a1Haz de tu evento algo \u00e9pico! En [Video Booth 360-10G], creemos que los recuerdos no se capturan, se crean.\nCont\u00e1ctanos y descubre por qu\u00e9 somos una de las opciones favoritas en el \u00e1rea de Monterey Bay. <\/STRONG> <BR><BR><BR><BR>\n<\/p><\/div><\/div>\t\t<\/div>\n\t\t\t\t<\/div>\n\t\t\t\t<div class=\"elementor-element elementor-element-ec8f458 elementor-widget elementor-widget-heading\" data-id=\"ec8f458\" data-element_type=\"widget\" data-widget_type=\"heading.default\">\n\t\t\t\t<div class=\"elementor-widget-container\">\n\t\t\t<h5 class=\"elementor-heading-title elementor-size-default\">ABOUT OUR<\/h5>\t\t<\/div>\n\t\t\t\t<\/div>\n\t\t\t\t<div class=\"elementor-element elementor-element-823f76d elementor-position-top elementor-vertical-align-top elementor-widget elementor-widget-image-box\" data-id=\"823f76d\" data-element_type=\"widget\" data-widget_type=\"image-box.default\">\n\t\t\t\t<div class=\"elementor-widget-container\">\n\t\t\t<div class=\"elementor-image-box-wrapper\"><div class=\"elementor-image-box-content\"><h3 class=\"elementor-image-box-title\">SERVICE AND EXPERIENCE<\/h3><p class=\"elementor-image-box-description\">Welcome to [Video Booth 360-10G] \u2013 Where Every Event Becomes an Unforgettable Experience\nWe are a team with extensive experience in Photo Booth and 360 Video Booth rentals, specializing in capturing the most fun, exciting, and unforgettable moments at your events. <br><br>\nLocated in the heart of the Monterey Bay Area, we provide professional, on-time, and fully customized services for weddings, quincea\u00f1eras, birthdays, corporate events, graduations, and all kinds of special celebrations. <br><br><br>\n\nWith us, you're not just renting equipment \u2014 you're creating an interactive experience your guests will never forget. Our Photo Booths offer custom backdrops, fun props, instant printing, and digital delivery. And with our modern 360 Video Booths, your guests can create stunning slow-motion videos with cinematic effects \u2014 perfect for social media. <BR><BR>\n\n\n\u2705 State-of-the-art equipment <BR>\n\u2705 Full on-site assistance <BR>\n\u2705 Professional setup with stylish design <BR>\n\u2705 Instant photo & video sharing <BR>\n\u2705 Guaranteed great experience <BR> <BR>\n\n<STRONG>Make your event unforgettable! At [Video Booth 360-10G], we believe memories aren\u2019t just captured \u2014 they\u2019re created.\nContact us today and discover why we\u2019re one of Monterey Bay\u2019s top choices for event entertainment.<\/STRONG><\/p><\/div><\/div>\t\t<\/div>\n\t\t\t\t<\/div>\n\t\t\t\t\t<\/div>\n\t\t<\/div>\n\t\t\t\t\t\t\t<\/div>\n\t\t<\/section>\n\t\t\t\t\t\t\t<\/div>\n\t\t","protected":false},"excerpt":{"rendered":"<p>360-DEGREE FUN ACERCA DE NOSOTROS SERVICIOS Y EXPERIENCIA Bienvenidos a [Video Booth 360-10G] \u2013 Donde Cada Evento se Convierte en una Experiencia Inolvidable Somos una empresa con amplia experiencia en la renta de Photo Booths tradicionales y Video Booths 360, especializada en capturar los momentos m\u00e1s divertidos y memorables de tus eventos. Ubicados en el &hellip;<\/p>\n<p class=\"read-more\"> <a class=\"\" href=\"https:\/\/store.imagedigital10g.com\/index.php\/about\/\"> <span class=\"screen-reader-text\">About<\/span> Leer m\u00e1s &raquo;<\/a><\/p>\n","protected":false},"author":1,"featured_media":0,"parent":0,"menu_order":0,"comment_status":"closed","ping_status":"closed","template":"","meta":{"om_disable_all_campaigns":false,"_monsterinsights_skip_tracking":false,"_monsterinsights_sitenote_active":false,"_monsterinsights_sitenote_note":"","_monsterinsights_sitenote_category":0,"site-sidebar-layout":"no-sidebar","site-content-layout":"page-builder","ast-global-header-display":"","ast-main-header-display":"","ast-hfb-above-header-display":"","ast-hfb-below-header-display":"","ast-hfb-mobile-header-display":"","site-post-title":"disabled","ast-breadcrumbs-content":"disabled","ast-featured-img":"disabled","footer-sml-layout":"","theme-transparent-header-meta":"enabled","adv-header-id-meta":"","stick-header-meta":"","header-above-stick-meta":"","header-main-stick-meta":"","header-below-stick-meta":""},"aioseo_notices":[],"_links":{"self":[{"href":"https:\/\/store.imagedigital10g.com\/index.php\/wp-json\/wp\/v2\/pages\/802"}],"collection":[{"href":"https:\/\/store.imagedigital10g.com\/index.php\/wp-json\/wp\/v2\/pages"}],"about":[{"href":"https:\/\/store.imagedigital10g.com\/index.php\/wp-json\/wp\/v2\/types\/page"}],"author":[{"embeddable":true,"href":"https:\/\/store.imagedigital10g.com\/index.php\/wp-json\/wp\/v2\/users\/1"}],"replies":[{"embeddable":true,"href":"https:\/\/store.imagedigital10g.com\/index.php\/wp-json\/wp\/v2\/comments?post=802"}],"version-history":[{"count":67,"href":"https:\/\/store.imagedigital10g.com\/index.php\/wp-json\/wp\/v2\/pages\/802\/revisions"}],"predecessor-version":[{"id":3063,"href":"https:\/\/store.imagedigital10g.com\/index.php\/wp-json\/wp\/v2\/pages\/802\/revisions\/3063"}],"wp:attachment":[{"href":"https:\/\/store.imagedigital10g.com\/index.php\/wp-json\/wp\/v2\/media?parent=802"}],"curies":[{"name":"wp","href":"https:\/\/api.w.org\/{rel}","templated":true}]}}