{"id":2048,"date":"2023-03-07T04:19:07","date_gmt":"2023-03-07T04:19:07","guid":{"rendered":"https:\/\/store.imagedigital10g.com\/?post_type=product&#038;p=2048"},"modified":"2024-12-10T06:10:57","modified_gmt":"2024-12-10T06:10:57","slug":"totopo-del-istmo","status":"publish","type":"product","link":"https:\/\/store.imagedigital10g.com\/index.php\/product\/totopo-del-istmo\/","title":{"rendered":"PAQUETE 5 A 6 PERSONAS"},"content":{"rendered":"","protected":false},"excerpt":{"rendered":"<p><span style=\"font-size: 16px;\">\u00a1Transforma tus eventos en experiencias inolvidables con nuestra c\u00e1mara 360 Photo Booth! Captura cada \u00e1ngulo y cada sonrisa en una sola toma, creando recuerdos \u00fanicos y din\u00e1micos que tus invitados adorar\u00e1n. Ideal para fiestas, bodas y eventos corporativos, nuestra c\u00e1mara 360 es la atracci\u00f3n perfecta para cualquier ocasi\u00f3n. \u00a1Haz que tus eventos brillen con tecnolog\u00eda de vanguardia y diversi\u00f3n garantizada!<\/span><\/p>\n","protected":false},"featured_media":3026,"template":"","meta":{"om_disable_all_campaigns":false,"_monsterinsights_skip_tracking":false,"_monsterinsights_sitenote_active":false,"_monsterinsights_sitenote_note":"","_monsterinsights_sitenote_category":0,"site-sidebar-layout":"default","site-content-layout":"default","ast-global-header-display":"","ast-main-header-display":"","ast-hfb-above-header-display":"","ast-hfb-below-header-display":"","ast-hfb-mobile-header-display":"","site-post-title":"","ast-breadcrumbs-content":"","ast-featured-img":"","footer-sml-layout":"","theme-transparent-header-meta":"default","adv-header-id-meta":"","stick-header-meta":"","header-above-stick-meta":"","header-main-stick-meta":"","header-below-stick-meta":""},"product_cat":[15],"product_tag":[62],"aioseo_notices":[],"_links":{"self":[{"href":"https:\/\/store.imagedigital10g.com\/index.php\/wp-json\/wp\/v2\/product\/2048"}],"collection":[{"href":"https:\/\/store.imagedigital10g.com\/index.php\/wp-json\/wp\/v2\/product"}],"about":[{"href":"https:\/\/store.imagedigital10g.com\/index.php\/wp-json\/wp\/v2\/types\/product"}],"wp:featuredmedia":[{"embeddable":true,"href":"https:\/\/store.imagedigital10g.com\/index.php\/wp-json\/wp\/v2\/media\/3026"}],"wp:attachment":[{"href":"https:\/\/store.imagedigital10g.com\/index.php\/wp-json\/wp\/v2\/media?parent=2048"}],"wp:term":[{"taxonomy":"product_cat","embeddable":true,"href":"https:\/\/store.imagedigital10g.com\/index.php\/wp-json\/wp\/v2\/product_cat?post=2048"},{"taxonomy":"product_tag","embeddable":true,"href":"https:\/\/store.imagedigital10g.com\/index.php\/wp-json\/wp\/v2\/product_tag?post=2048"}],"curies":[{"name":"wp","href":"https:\/\/api.w.org\/{rel}","templated":true}]}}